 j - 7, a = -4*f + 3*j + 13. Calculate the remainder when 18 is divided by f.
2
Let h(n) be the first derivative of n**4/4 - 8*n**3/3 + 4*n**2 - 8*n + 20. Let r be h(7). Let f = 14 - r. What is the remainder when 72 is divided by f?
12
Let z(f) = 5*f**2 - 678*f - 254. Suppose 0*h - 2191 = -4*h - 5*y, -5*h + 2760 = 2*y. Calculate the remainder when h is divided by z(136).
14
Calculate the remainder when ((-64)/(-180) - (-4)/120*-4)*2259 is divided by 14.
12
Let v(f) = f + 3 + 0 - 5*f. Let c(h) = -h**3 - 48*h**2 + 2*h + 92. Let y be c(-48). What is the remainder when v(y) is divided by 11?
8
Suppose 1745 - 5077 = -17*w. Let t = w - 133. What is the remainder when t is divided by 11?
8
Suppose 4*s - 117 + 29 = 0. Let o = -610 - -719. Calculate the remainder when o is divided by s.
21
Suppose -983 = -2*s - 3*b, -5*s + 49*b - 48*b + 2432 = 0. What is the remainder when s is divided by 92?
27
Suppose -5*u = 3*f - 1303, -13*u - 21 = -10*u. What is the remainder when f is divided by 197?
52
Suppose 0 = 39*a - 114*a + 1601 - 626. Let v = 170 - 95. Calculate the remainder when v is divided by a.
10
Suppose 0 = -125*p + 176*p - 7497. Calculate the remainder when 1174 is divided by p.
145
Suppose -123*q - 25944 = -147*q. Calculate the remainder when q is divided by 277.
250
Let m = -66 + 306. Suppose -5*r = -r - m. What is the remainder when 299 is divided by r?
59
What is the remainder when 599 is divided by (-33)/(4488/(-119))*48/2?
11
Suppose -37*w - 3*d = -39*w + 1275, 0 = 3*w + 4*d - 1972. What is the remainder when w is divided by 65?
63
Let q(b) = -b + 195. Let p be q(30). Let f = p - 87. What is the remainder when f is divided by 3?
0
Let i = -4690 - -4713. What is the remainder when 1838 is divided by i?
21
Let h(d) = -d**2 + 9. Let m be h(2). Suppose -58 = -m*z + 32. Calculate the remainder when 50 is divided by z.
14
Let u(a) = -2*a**3 - 8*a**2 - 52*a - 320. What is the remainder when u(-6) is divided by 46?
44
Let r = -450 + 505. Let c = 2 + r. What is the remainder when 340 is divided by c?
55
Let m = -403 + 128. Let d = 331 + m. What is the remainder when d is divided by 41?
15
Let a(t) = -6*t**2 - 18*t + 47. Let k be a(-10). Let p = k - -399. Calculate the remainder when 285 is divided by p.
25
Let x(t) = t**3 + 2*t**2 + 2. Suppose 37*j = 33*j - 44, -4*z - 2*j + 690 = 0. What is the remainder when z is divided by x(3)?
37
Let v = 944 - 897. Calculate the remainder when 1499 is divided by v.
42
Suppose 14*d = -10*d + 20*d + 328. Calculate the remainder when 94 is divided by d.
12
Suppose o = 9*v - 14*v - 12, -v = -4*o + 57. Suppose o*r = 15*r - 10. What is the remainder when r is divided by 3?
2
Let l be (6104/(-16))/((-6)/24). What is the remainder when l/4 + (-9)/(-2) + -3 is divided by 43?
39
Suppose -350*u + 395*u - 5220 = 0. What is the remainder when 809 is divided by u?
113
Let c be 146/511 - (2 + 248/(-14)). Suppose -c = 103*g - 105*g. What is the remainder when 71 is divided by g?
7
Let t(x) = 117*x - 84. Let l be t(3). Suppose l = 7*u - 790. Calculate the remainder when u is divided by 38.
37
Suppose 4*l + 2*c - 770 = 3*c, -3*l + 5*c = -586. Suppose 5*x - 270 = -20. Calculate the remainder when l is divided by x.
42
Let o = 12 - -10. Suppose -122*x = -120*x - 2996. Suppose x = c + 13*c. Calculate the remainder when c is divided by o.
19
Let s = 378 - 151. Let f = s + 16. What is the remainder when f is divided by 31?
26
Let s(l) = 3*l - 4. Suppose 4*t + 4*r = 6*t - 548, 810 = 3*t - 2*r. Suppose -19*y - 97 = -t. Calculate the remainder when y is divided by s(3).
4
Suppose -605 = 3*l - 911. Calculate the remainder when l is divided by 13.
11
Let a(z) = 49*z + 108. Let v be a(-6). What is the remainder when 4*v/(-24) + 3 + -5 is divided by 1?
0
Calculate the remainder when 621 is divided by 1086/(14 + -8) + -13.
117
Let y = -149 + 145. Let m(b) = -b + 32. Calculate the remainder when m(y) is divided by 13.
10
Suppose -y + 4*y = 3*f + 1152, -3*y + f + 1154 = 0. Let s = 388 - y. Calculate the remainder when 18 is divided by s.
0
Let l(b) = -5*b + 3. Let i(z) = 2*z + 19. Let v be ((180/42)/(1/7))/2. What is the remainder when i(v) is divided by l(-2)?
10
Let g = 3687 + -3309. Calculate the remainder when g is divided by 64.
58
Let d = 3931 - 3843. What is the remainder when 3342 is divided by d?
86
Let h be (0 - (-12)/14)/((-5)/(-35)). Suppose 2*b - 10 = h. What is the remainder when 64 is divided by b?
0
Let t = 14 + -22. Suppose 2*n = -4*v + n + 44, -n = 4. What is the remainder when ((-2)/1 - -4)*(-116)/t is divided by v?
5
Suppose s = -3*l - 1, 5*s + 2*l + 10 = 31. Let d = 21 + -12. Suppose -d = -y + 2. Calculate the remainder when y is divided by s.
1
Suppose 0 = 1200*h - 1184*h - 176. Calculate the remainder when 713 is divided by h.
9
Let u(d) = -53*d**2 + 294*d - 47. Suppose -37 = 2*q - 137. What is the remainder when u(5) is divided by q?
48
Let v = -274 - -59. Let j = -174 - v. What is the remainder when 78 is divided by j?
37
Let q = -24825 - -26966. Calculate the remainder when q is divided by 43.
34
Suppose 0 = -4*q + 94*q - 223200. Calculate the remainder when q is divided by 11.
5
Suppose -4*f - 5*h = -878, -4*h + 0*h + 8 = 0. What is the remainder when f is divided by (37/148 - (-4)/(16/147)) + 7?
41
Let a be (6*10/(-60))/(1/(-31)). Suppose 0*q + 2*q - 12 = -h, -2*h = -3*q - a. Suppose -13 - 79 = -4*z. Calculate the remainder when z is divided by h.
9
Let b = 15 + 15. Let f(v) = -2*v**2 - 277*v + 4356. Calculate the remainder when f(14) is divided by b.
26
Suppose 9*d - 4*d - 128 = -4*m, -2*d - 160 = -5*m. Let w(s) = 2*s**2 - 21*s + 9. Calculate the remainder when w(14) is divided by (24/m)/(1/48).
35
Suppose -4*f + 4670 + 9938 = 0. What is the remainder when f is divided by 126?
124
Suppose 2*n - t - 83 = 0, 14*t = n + 18*t + 8. Let m(o) = -103*o**3 - o. What is the remainder when m(-1) is divided by n?
32
Let z = 1201 + -1124. What is the remainder when 689 is divided by z?
73
Let x(d) = -d**3 + d**2 - d + 9. Suppose 2*a = 2*y - 42, -379*y + 14 = -380*y - 4*a. What is the remainder when y is divided by x(0)?
5
Calculate the remainder when 937 is divided by (2 + -5 + -2)*-3 - (2 - 1).
13
Let o be 5 + 363/77 - 2/(-7). Let t(p) = -5*p**3 + 49*p**2 + 11*p + 10. What is the remainder when 339 is divided by t(o)?
19
Let k = 540 + -347. Calculate the remainder when k is divided by ((-14)/(-39))/(129/1677)*42/4.
46
Suppose 3*l = -3*g + 126, 43 = -4*l + 4*g + 243. Calculate the remainder when l is divided by 4.
2
Suppose -10 = -2*b, 5*r - 5*b = -b + 1015. Let j(u) = -25*u**3 + 2*u**2 - 1. What is the remainder when r is divided by j(-1)?
25
Let l(b) = 19*b + 990. Suppose 2*a - 559 = a. Calculate the remainder when a is divided by l(-50).
39
Let l(p) = -p + 3. Let q be l(0). Suppose -q*m - 30 = -96. Let d = -89635 + 89639. Calculate the remainder when m is divided by d.
2
Let l(c) = 2*c**3 - 3*c**2 - c - 4. Calculate the remainder when 36/(-8)*(-9424)/558 is divided by l(3).
16
Suppose -p = 4*d - 3, -2 - 6 = 5*p - 3*d. What is the remainder when (-106 - p)/(6/(-4)) is divided by 24?
22
Suppose 1270 + 11962 = 233*r - 19854. Let o = -13 + 22. Calculate the remainder when r is divided by o.
7
Suppose 0 = 5*j - 126*u + 127*u - 9438, 2*j = -4*u + 3786. Calculate the remainder when j is divided by 171.
6
Suppose -n = 2*u - 994 + 1003, 5*u = 2*n - 36. What is the remainder when 641 is divided by n?
2
Suppose 0 = -3*i - i + 176. Let g = 412666 + -412475. What is the remainder when g is divided by i?
15
Suppose 57*a + 78*a - 72732 = 21*a. What is the remainder when a is divided by 76?
30
Let h = 498 + -505. Calculate the remainder when 678 is divided by h - (-11 - (10 - 6)).
6
Let c = 2240 + -927. Calculate the remainder when c is divided by 73.
72
Suppose -13*o + 469 = 92. What is the remainder when 4 + 1*106 + -12 + 12 is divided by o?
23
Suppose x = 5*r + 826, 0 = 3*r - 7*r + 2*x - 662. Let c be r/(-25) + -7 + 3204/10. Suppose -10*b = -0*b - c. Calculate the remainder when b is divided by 11.
10
Let k(z) = -z**2 - 65*z - 570. Calculate the remainder when 292 is divided by k(-11).
4
Let z = -39832 + 39843. Calculate the remainder when 6464 is divided by z.
7
Suppose 4*z - 613 = c, 1 + 4 = -c. Let l = 137 - 232. Let t = l + z. What 